- 1. Give m(k).
-8
Let o(j) = j**3 - 2*j**2 - j + 3. Let z(t) = -t**2 - 2 + 2*t**2 + 0*t**2. Let g be z(2). Suppose -g*p - 3 = -9. Determine o(p).
9
Let x = -23 - -25. Let n(b) = b**3 + b - 1. Determine n(x).
9
Let n be 40/(-25) - (-6)/10. Let p(w) = 6*w. What is p(n)?
-6
Let r(u) = 2*u. Let j = 1 - 1. Let t = j + -1. Let l be t - (1 - 1) - 1. Calculate r(l).
-4
Let b be 3/((15/(-18))/((-20)/12)). Let p(y) = -y**3 + 5*y**2 + 6*y + 5. Calculate p(b).
5
Suppose 0 = 2*l + 10, -2*m - 4*l - 6 = -2*l. Let z(y) = 4 + m*y + 0 - 4*y + y. Suppose 5*w - 19 = -4. Determine z(w).
1
Let u(h) = 9 - 3*h**2 - 29*h + 1 + 2*h**2 + 21*h. Give u(-7).
17
Let z(y) = -y**3 - 7*y**2 - 7*y - 1. Let h(k) = k**3 + 22*k**2 + 40*k - 6. Let v be h(-20). Give z(v).
5
Let i(c) = c**2 + 4. Let l(p) = 2*p + 2. Let r be l(-1). Give i(r).
4
Let i(c) be the second derivative of c**4/12 + c**3 + 3*c**2 - 9*c. Determine i(-6).
6
Suppose -i = 4*i + 15. Let j(l) = -2 + 0 + 3 - l - 3. Determine j(i).
1
Let h(z) be the third derivative of 7*z**6/120 - z**3/6 - z**2. Suppose 0 = 5*d + k + 4, 2*k - 4 = -2*k. Determine h(d).
-8
Let u(z) = -z**3 - 3*z**2 + 3*z + 3. Let m = -16 - -19. Suppose -m*d + 6 = -5*d. Calculate u(d).
-6
Let z(v) = -1. Let g(j) = 10*j - 2. Let i(y) = -g(y) - z(y). Let n(u) = 11*u - 4. Let t(p) = 3*i(p) + 2*n(p). Determine t(1).
-7
Let m(t) = 6*t**3 + t**2 - t + 1. Suppose 5*d = -98 + 33. Let z = d + 14. What is m(z)?
7
Let t(j) = j. Let s(i) = 7*i**2 + 0 - 10*i - i**3 + 4 - 7. Let a(z) = s(z) + 4*t(z). Let g be 3 + 4 + (2 - 3). Determine a(g).
-3
Let z(x) be the first derivative of -x**3 - x**2 + x + 7. Calculate z(2).
-15
Let l be 1*(4 - 1) - -3. Let k(b) = -11*b + l*b - 3 + 3*b. What is k(4)?
-11
Let v(c) = c**2 - 33*c - 40. Let d be v(34). Let p(s) = s + 3. Calculate p(d).
-3
Let i(u) = u**3 - u - 1. Let p(k) = -14*k**3 + 2*k**2 + 12*k + 14. Let j(f) = 12*i(f) + p(f). Let b = 240 + -238. Determine j(b).
-6
Let k(c) = -c**3 - c**2 - c + 8. Let w be (2 - 1)/1 + 2. Suppose 1 = -m + w. Let v be 0/(-2)*m/(-4). Determine k(v).
8
Let w(y) be the second derivative of -y**3/6 + 9*y**2/2 - 12*y. Determine w(5).
4
Let u(t) = t. Suppose -6*x + 10*x = 24. Let j(c) = c**2 + 2*c + 1. Let h(w) = x*u(w) - j(w). Give h(5).
-6
Let k(t) be the third derivative of t**4/24 - t**3 - 2*t**2. Let f(w) = w**3 - 4*w**2 + 2*w - 6. Let h be f(4). Suppose 4 = 3*l - h*l. Determine k(l).
-2
Let b be -8*((-9)/4)/3. Let w(l) = -l**2 + 13*l. Let p(r) = -r**2 + 12*r - 1. Let x(d) = -5*p(d) + 4*w(d). Give x(b).
-7
Suppose 3*c = 2*c + 25. Let n(g) = -g + 31 - c - g. What is n(5)?
-4
Let x(v) = v + 4. Let r(m) = -m**3 + 4*m**2 - 3*m - 3. Let a be r(3). Let d = a + 4. Let q(u) = -6*u**3 - u**2 + u. Let n be q(d). Determine x(n).
-2
Let j(y) = 13*y**3 + 3*y**2 + 8*y**3 - 3*y - 2 - 22*y**3. Determine j(3).
-11
Let g(q) = q**3 + 3*q**2 + 2*q + 1. Let x be (0 - 1)/(5/15). Calculate g(x).
-5
Let y(i) be the second derivative of -i**4/12 - 5*i**3/6 + i**2/2 - i + 4. What is y(-5)?
1
Let w(n) = -n**2 + 3. Let y be w(0). Let v(i) = 4*i**2 + 3 - 3*i + 2*i**3 - 8*i**3 + 5*i**3. Give v(y).
3
Let c(k) = -k**2 - k. Let r be c(2). Let q(u) = u**2 + 4*u + 7. Give q(r).
19
Let f(d) be the third derivative of -d**5/12 - d**3/6 - 6*d**2. Suppose -2*c + c - 1 = 0. What is f(c)?
-6
Let p(h) be the third derivative of h**4/8 + h**3/2 + 10*h**2. Determine p(-5).
-12
Let j(o) be the first derivative of -o**3/3 - 4*o**2 - 9*o - 15. Determine j(-6).
3
Suppose q - 5*q - 8 = 0. Let a be (2 + q)/(0 + 1). Let i(j) = -j + 3. Let r(f) = 3*f - 5. Let u(m) = -5*i(m) - 2*r(m). Calculate u(a).
-5
Let k be 5/7 - (-2)/7. Let h(q) = -50*q + q**2 + 154*q - 53*q - 50*q. Calculate h(k).
2
Let l(b) = b**3 - 49*b + 21*b - 4 + 25*b - 3*b**2. What is l(4)?
0
Let h(d) = -14*d**3 - d**2 + 6*d. Let q(c) = 17*c**3 + c**2 - 7*c + 1. Let y(v) = -6*h(v) - 5*q(v). Suppose 0 = -0*b - b. What is y(b)?
-5
Let j(w) = -5*w**2 + 10*w - 5. Let v(k) = 4*k**2 + k. Let x be v(-1). Let c(q) = -1 + 2*q - 4*q + x*q - q**2. Let o(z) = 6*c(z) - j(z). Calculate o(-4).
-1
Let o = -11 - -13. Let v(x) = 0*x**2 + 7*x**2 + 0*x**2 + 4 - 6*x**o + 6*x. Determine v(-6).
4
Suppose -2*t - 4*s + 12 = 2*t, t + 2*s = 2. Suppose 0 = -r + t - 2. Let v(w) = -w + 3*w**2 + 3*w**3 + r - 1 - 4*w**3 - w. Calculate v(2).
1
Let l(c) = -2*c**3 + 0*c**3 + 98*c - 101*c - 4*c**2. Let u = -5 + 7. Suppose -u*v + 3*f = 16, 20 = -2*v - 0*v + 4*f. What is l(v)?
6
Let j(n) be the second derivative of -2*n - 7/12*n**4 + 1/20*n**5 + n**3 + 0 + 0*n**2. Give j(6).
0
Let q(c) = -c**3 + 3*c**2 + 2*c + 3. Suppose 3 = -2*w - u, u = -5*w - 0*u - 3. Suppose -2*z - 3*z + 5 = -2*d, -3*d + 15 = w. Give q(z).
9
Suppose 3*a - 5*k - 18 = 0, -2*a - k - 2 = -1. Let s(f) = -13*f**3 + 2*f**2 - 1. Determine s(a).
-12
Let d(w) = 5*w**2 - 2*w + 1. Let l = 101 + -100. Give d(l).
4
Let x(n) = -7 - 4*n**2 + 4 - n**3 - n + 0*n**3. Give x(-4).
1
Suppose 0*i = -5*y - 5*i + 50, 19 = y + 4*i. Suppose 4*s = y*s. Let j(w) = -w**2 - w + 17. What is j(s)?
17
Let s(t) = -8*t**2 + 2*t - 18. Let g(z) = -7*z**2 + 2*z - 16. Let m(r) = -7*g(r) + 6*s(r). What is m(3)?
7
Let c(o) be the second derivative of 2*o**2 + 5/12*o**4 + 0 - 1/20*o**5 - 5/6*o**3 - 8*o. What is c(3)?
7
Let p(g) = -9*g**3 - 4*g**2 - 17*g - 17. Let m(t) = 5*t**3 + 2*t**2 + 9*t + 9. Let s(l) = -11*m(l) - 6*p(l). What is s(3)?
3
Let a(g) be the third derivative of g**6/120 + g**4/24 + g**2. Let p = 174 - 172. What is a(p)?
10
Let d(n) = n**2 + 2*n. Let y = -1 + 4. Suppose 4*u = y*i + 32, -i + 22 = 4*u + 6. Suppose 4*r - 16 = 2*r + u*f, -4*r - 3*f - 20 = 0. Give d(r).
0
Let l(a) = -a + 7. Let k be l(-7). Suppose 0 = -4*g + k - 2. Let c(x) = x + 0*x**2 - 1 - g*x + 3*x**2. Give c(-1).
4
Suppose -5*n - 34 = i, 38 = -5*n - i - i. Suppose v = -3*k + 9, 2*v - v + 21 = 3*k. Let g be (8/n)/((-2)/v). Let o(m) = m - 1. Calculate o(g).
-5
Let g = 4 - 8. Let c(o) = -o - 9. Give c(g).
-5
Let n(r) be the first derivative of r**3/3 + 9*r**2/2 - 3*r + 40. What is n(-7)?
-17
Let k(w) = -w**2 - 4*w. Let f(v) = 3*v**2 + 11*v. Let r(l) = -4*f(l) - 11*k(l). Suppose -u + 21 = -4*y, 5*u + 2*y - 4*y = 33. Suppose c = u*c. What is r(c)?
0
Let x(w) = w**3 - 6*w**2 + 3*w - 2. Let m(n) = -n**3 + 7*n**2 - 3*n + 2. Suppose 6 = -c - 0*c. Let a(d) = c*x(d) - 5*m(d). Give a(2).
-8
Suppose l - 4*m = -0*l + 22, l + 4*m + 18 = 0. Suppose -10 = l*k + 3*k. Let o(s) = 3*s. Let j(f) = -3*f. Let g(z) = -4*j(z) - 3*o(z). Give g(k).
-6
Let o(j) = 20*j + 8. Let m(c) = 7*c + 3. Let l(f) = -14*m(f) + 5*o(f). Suppose 5*i = -5*p + 40 - 0, -3*p - i + 16 = 0. Suppose 8 + 8 = p*d. What is l(d)?
6
Let q(d) = -d**3 - 3*d**2 + 2*d + 2. Let x be (-1 - 2)*3/(-9). Let r = x + -5. Calculate q(r).
10
Let s(z) = z**3 - 4*z**2 + 2. Suppose 0*h - 5 = -5*h. Let w be (2/6 + h)*3. Let i be s(w). Let a(v) = -v**3 + 2*v**2 + v. Determine a(i).
2
Let r be 22/18 - (-6)/(-27). Let u(o) = 4*o - o - 4*o + 3*o**3. What is u(r)?
2
Let s = -27 - -15. Let a = -7 - s. Let j(m) = -m**2 + 6*m - 3. What is j(a)?
2
Let b(y) = -8*y**2 - 6*y - 5. Let z(c) = -17*c**2 - 13*c - 11. Let i(f) = -13*b(f) + 6*z(f). What is i(3)?
17
Suppose -12 = -3*g, -2*g - 1 = -3*x - 0*g. Let b(j) = 4*j**x + 46 + 4*j - 41 - 3*j**3 - 7*j**2. Calculate b(6).
-7
Let g(p) = -p + 1. Let i be ((-4)/(-3))/((-8)/(-12)). Suppose i = -2*c + n - 3, 5*n = 5*c. Let k(a) = -3*a + 2. Let l(x) = c*g(x) + 2*k(x). Give l(3).
-4
Let f(a) = 2*a**2 - 4*a + 2. Let d(l) = -l - 7. Let z be d(-7). Let g = z - -3. Give f(g).
8
Suppose -o + 0*o + 7 = 0. Let x(w) = -3 + 0*w + o - 5*w - w**2. Calculate x(-5).
4
Let r(c) be the second derivative of -1/20*c**6 + 0*c**3 + 0*c**4 + c**2 - 2*c + 0 + 0*c**5. Let v(z) be the first derivative of r(z). What is v(1)?
-6
Let z(j) be the second derivative of -j**4/12 + j**3 - 2*j**2 + 8*j. What is z(4)?
4
Suppose 0 = -2*d - 3*i - 4, 5*d + 11 = -i + 1. Let m(w) = 2*w + 3. What is m(d)?
-1
Suppose r + 10 = -4*r. Let l = r + 3. Let y(n) = 5*n**3. Determine y(l).
5
Let c(a) = 0 + 9*a - 6 + 0 - a**2. Let h = -20 - -28. Let q be c(h). Let t(w) = w**3 + w**2 - w - 1. Calculate t(q).
9
Let o(m) be the first derivative of 5*m**4/4 + m**3/3 - m**2/2 + 17. Give o(1).
5
Let j(b) be the first derivative of b**3/3 - b**2/2 + 5*b + 2. Let c(i) be the first derivative of j(i). What i